t common factor of c and 35?
5
Suppose 1073 = 4*k + 3*w, -330 = -2*k + 2*w + 224. Calculate the highest common divisor of k and 289.
17
Suppose 3*a + 1033 + 1705 = 5*i, i - 546 = a. What is the highest common factor of i and 100?
50
Let a be -26*(-68)/(-8)*(20 + -22). Calculate the greatest common divisor of 102 and a.
34
Let q be (3 - 391/(-3))*(-45)/(-20). What is the greatest common divisor of q and 225?
75
Let v(n) = n**3 - 14*n**2 + 5*n - 26. Let d be v(14). What is the greatest common divisor of 88 and d?
44
Let u(b) = 0*b**3 - 6*b**2 + b**3 + 20*b**2 - 10*b**2 - 7 - 5*b. Let i be u(-3). Calculate the greatest common factor of i and 340.
17
Let l be (27 - 26)/(3/144). Calculate the highest common factor of l and 2448.
48
Let t = -190 + 205. Calculate the greatest common divisor of t and 3.
3
Let z be (-4)/((-20)/(-215)) + (2 - -1). Let t be ((-18)/(-30))/(2*(-2)/z). What is the highest common factor of 4 and t?
2
Let j be ((-12)/15)/((-6)/75). Let o be -1 - 5/(j/4). Let f be ((-2)/o)/(16/2376). Calculate the greatest common divisor of 11 and f.
11
Suppose 0 = -11*p + 864 + 1941. What is the greatest common divisor of p and 51?
51
Let w(t) = t**3 - 27*t**2 + 61*t + 9. Let d be w(25). Calculate the greatest common factor of 497 and d.
71
Suppose t = 5*s - 20, t + 5*s - 5 = 5*t. What is the greatest common divisor of 135 and t?
5
Let f be 10/(-6) - (-8)/12. Let b(u) = 215*u**2 - 3*u - 2. Let y be b(f). What is the highest common factor of 18 and y?
18
Let t = -102 + 112. Let l(b) = 13*b**2 + 2*b + 1. Let z be l(-1). Let v = z - -18. Calculate the greatest common factor of t and v.
10
Let p(u) = 5*u**2 - 45*u + 350. Let t be p(16). What is the greatest common divisor of t and 42?
14
Suppose 192 = 4*f - 3*m, 0 = 84*m - 88*m - 16. What is the greatest common factor of 25 and f?
5
Let c be 1/2 + 61672/208. What is the greatest common divisor of 33 and c?
33
Let g = -70 + 77. Suppose -2 = f - g. What is the greatest common divisor of 95 and f?
5
Let q = 6721 - 4642. What is the highest common divisor of q and 77?
77
Suppose -4*t - m = -78, -4*t - 36 = -6*t + m. What is the greatest common divisor of t and 38?
19
Let l = 0 + 5. Suppose -s + l*r + 281 = 51, -s = 3*r - 214. Suppose 4*k - 188 = -4*x, 8*k - 3*k + 2*x = s. What is the greatest common factor of k and 105?
21
Let b be -3 + 58 + -4 + 3. Suppose -b = -2*f - 0*f. What is the highest common factor of f and 216?
27
Let l(c) be the second derivative of c**4/6 + c**3/3 + c**2 - 3*c. Let o be l(-3). Let n = 317 - 205. What is the greatest common factor of o and n?
14
Let f(t) = 11*t + 203. Let x be f(-17). What is the highest common divisor of x and 368?
16
Let s(t) = -15*t - 6. Let o be s(-4). Let y(w) = w**3 - 21*w**2 - 63*w - 198. Let r be y(24). Calculate the greatest common divisor of r and o.
18
Let s(q) = 17*q - 6. Let l be s(2). Let m be l/210 + 416/30. What is the greatest common factor of 35 and m?
7
Let h(s) = -s**2 - 17*s + 11. Let m(t) = -3*t + 26. Let y be m(11). Let w be h(y). What is the greatest common divisor of w and 9?
9
Let g(y) = -8*y + 46. Let b be g(-13). Calculate the highest common factor of 75 and b.
75
Let q(v) = 3*v**2 + 6*v. Let y(c) = 4*c**2 + 7*c + 1. Let b(o) = -5*q(o) + 4*y(o). Let i be b(2). Calculate the greatest common factor of 16 and i.
4
Let f be 51/(-7) + 4/14. Let x be 93/f - 8/(-28). Let c = x + 26. What is the highest common factor of c and 104?
13
Let r = 204 - 44. What is the greatest common factor of 760 and r?
40
Let b(v) = -v**3 + 6*v**2 + 6*v - 7. Let x(u) = u - 3. Let n be x(9). Let l be b(n). What is the highest common factor of 319 and l?
29
Suppose 2*a = 2*u + 160, 295 = 4*a + 3*u - 32. Let x(l) = -3 + 2*l**3 - l + 7*l**2 - l**3 + 5. Let q be x(-7). What is the highest common divisor of a and q?
9
Let s(t) = t + 19. Let l be s(-14). Suppose 0 = k - 2*d - 12, l*d = -2*k + 17 + 25. Let n = -3 - -5. Calculate the highest common divisor of n and k.
2
Let j be 3 - (-4 - 6*(-1)/2). Suppose -2*y + 2*g + 378 = 0, 0*g = -j*y - g + 746. What is the greatest common factor of 11 and y?
11
Suppose 3*x - 11 = 37. Let z be -12 - (238/(-14) + -59). Calculate the greatest common factor of x and z.
16
Let b = 324 + -322. What is the highest common divisor of b and 9?
1
Suppose 3*j - 198 + 48 = 0. Let a = j + 1. Calculate the highest common factor of 34 and a.
17
Suppose -8996 = 3*r + 670. Let a be r/(-42) + 2/7. Let s = -45 + a. What is the highest common factor of s and 4?
4
Suppose 4*m - 119 + 35 = 0. Let v = 8 - -36. Suppose -5*l = -v - m. What is the greatest common divisor of l and 26?
13
Suppose -298 = 3*c - 1189. What is the greatest common factor of c and 216?
27
Let o be (1 - -122)/(39/6 - 5). Calculate the highest common factor of 2 and o.
2
Let t(n) = -n**3 - 7*n**2 - 2*n - 8. Let j be t(-7). Let x be -8*(3 + (-21)/j). Suppose x*w = -5*w + 648. What is the greatest common divisor of w and 9?
9
Let d = -338 + 676. Let j = d + -239. Suppose 3*g - 26 = 5*f - 90, -4*f + 5*g = -59. What is the greatest common factor of j and f?
11
Let h(a) = -5*a**3 + 2*a**3 + 4 - a**2 + 4*a**3 - 6*a. Let y be h(3). What is the greatest common factor of y and 1?
1
Suppose 0 = 3*r + 3*h - 135, -7*r + 5*h - 90 = -9*r. Calculate the highest common divisor of 120 and r.
15
Let h = 16 - 16. Suppose h = 3*y - 6 - 21. Calculate the greatest common factor of y and 36.
9
Let j(v) = -v**2 - 4*v - 30. Let f be j(-10). Let z = f + 92. What is the highest common factor of 16 and z?
2
Suppose -5*p = 59 - 239. Let u be ((p/7)/(-2))/(1/(-7)). What is the highest common divisor of u and 6?
6
Suppose -3*z + 3 = -42. Let w be 2 - (4/8 - (-323)/(-2)). Suppose 197 = 12*x - w. Calculate the greatest common divisor of z and x.
15
Let f = 2382 + -1679. What is the highest common divisor of 37 and f?
37
Suppose -17*h + 540 = -19*h. Let y = h + 559. Calculate the greatest common factor of y and 17.
17
Let i = 19 - 17. Suppose 3*y = -i*y + 135. Calculate the greatest common factor of y and 297.
27
Let a be (2/7)/((-3)/(-21)). Suppose 4*c = -3*k + 25, -8 = -a*k - 5*c + 4. What is the highest common divisor of k and 44?
11
Let s = 362 + -102. Calculate the highest common factor of s and 325.
65
Suppose -2*r = r + 9. Let d(o) = 3*o**2 + o - 2. Let q be d(r). Let n be 1/2 - 390/(-12). Calculate the greatest common divisor of n and q.
11
Let t be -7 + 4 + -15*(-23)/3. What is the highest common divisor of 28 and t?
28
Suppose 752 = -15*q + 2222. What is the highest common factor of 2 and q?
2
Let t be (180/(-8))/((-1)/2). Let d = 75 - t. Suppose 4*h + a - 66 = 0, -2*h - 4*a = -5*a - d. Calculate the greatest common factor of h and 4.
4
Suppose 4*i - 21 = -m - 176, -5*i + m - 196 = 0. Let j be (-1)/(-1 - i/42) + -2. Calculate the greatest common factor of 30 and j.
6
Suppose 342 = 45*k - 1278. Calculate the highest common factor of k and 60.
12
Let g be 1/(21/77) - 2/3. Suppose 0*x = -2*x - g*a + 163, -a - 319 = -4*x. Calculate the highest common divisor of x and 48.
16
Let l be (-2)/(-5) + (-593)/(-5). Suppose 3*y + 85 = 5*a, -a + y - 209 = -226. Calculate the highest common divisor of l and a.
17
Let s = -53 + 80. Let o(c) = 2*c**2 + 17*c + 26. Let j be o(-8). What is the highest common divisor of j and s?
9
Suppose 0 = 4*a - 3*d + 74 + 78, -a + 5*d - 55 = 0. Let o be (-375)/a - 4/(-14). What is the greatest common factor of 66 and o?
11
Let d be 7/(35/30) - (-3 - 36). Calculate the greatest common divisor of 160 and d.
5
Suppose -234*x + 239*x = 315. Calculate the greatest common factor of x and 18.
9
Let s = -685 - -703. Calculate the highest common factor of 486 and s.
18
Let u(x) = -x + 23. Let s be u(0). Let n be ((-27)/(-18))/(3/52) - 3. Calculate the greatest common factor of s and n.
23
Let r = 49 - 11. Let n(x) = 2*x**2 - 4*x + 3. Let y be n(-2). Calculate the highest common factor of r and y.
19
Suppose 4*j = 19*j - 1710. What is the highest common divisor of 76 and j?
38
Suppose 3*d - 206 - 40 = 3*v, -4*v - 172 = -2*d. Let p be 39*((-320)/(-30) + -10). Calculate the greatest common factor of d and p.
26
Let g be (2*-16)/(3 + -2). Let p = -16 - g. Let y = -3 + 51. Calculate the highest common divisor of p and y.
16
Suppose -76 = -5*i - 2*w, 8 = i - 2*w - 12. Let x(y) = -8*y - 40. Let f